{"id":2658,"date":"2014-03-25T17:33:45","date_gmt":"2014-03-25T15:33:45","guid":{"rendered":"http:\/\/www.ottomschwarz.com\/?page_id=2658"},"modified":"2014-03-25T17:33:45","modified_gmt":"2014-03-25T15:33:45","slug":"die-freischwimmerin","status":"publish","type":"page","link":"https:\/\/www.ottomschwarz.com\/en\/filmmusic\/filmscores\/die-freischwimmerin\/","title":{"rendered":"Die Freischwimmerin"},"content":{"rendered":"<p class=\"msg\">This content is only available in german.<\/p>\r\n<div class=\"top-box\">\r\n<p>Jahr: 2014 | Produktionsfirma:\u00a0epo Film (ORF MDR)<\/p>\r\n<p>H\u00f6rbeispiel (Zusammenschnitt): Freigabe nach Erstausstrahlung am 4.6.2014<\/p>\r\n<\/div>\r\n<h4>Handlung<\/h4>\r\n<p>Die 17-j\u00e4hrige t\u00fcrkische Sch\u00fclerin Ilayda lebt mit ihrer sehr gut integrierten Familie in Wien. Sie selbst hat sich nach dem Tod ihres Vaters ganz auf ihre Religiosit\u00e4t besonnen und tr\u00e4gt wieder das Kopftuch. Dadurch grenzt sie sich jedoch immer mehr aus ihrer Klasse aus. Sie ist eine leidenschaftliche Schwimmerin und geht dieser Passion heimlich nachts im Schulschwimmbad nach.<\/p>\r\n<p>Als dies ihre engagierte Sportlehrerin bemerkt, versucht diese nun Ilayda \u00fcber die Schulschwimm-Mannschaft, die an einem Wettbewerb teilnehmen soll, wieder in die Klassengemeinschaft zur\u00fcckzuholen. Das Problem ist allerdings, dass sie f\u00fcr diesen Wettbewerb Kopftuch und Burkini ablegen und im normalen Badeanzug schwimmen m\u00fcsste.<\/p>\r\n<div class=\"row sc\"> <div class=\"six columns content-col sc\"><\/p>\r\n<h4>Filmteam<\/h4>\r\n<p><dl class=\"tabs mobile\"><dd><a href=\"#engine-tab-besetzung\">Besetzung<\/a><\/dd><dd><a href=\"#engine-tab-stab\">Stab<\/a><\/dd><dd><a href=\"#engine-tab-weitere-infos\">Weitere Infos<\/a><\/dd><\/dl><ul class=\"tabs-content contained sc\"> <li id=\"engine-tab-besetzungTab\" class=\"engine-tab\"><\/p>\r\n<ul class=\"cast\">\r\n<li>\r\n<p>Emily Cox<\/p>\r\n<\/li>\r\n<li>\r\n<p>Selen Savas<\/p>\r\n<\/li>\r\n<li>\r\n<p>Aaron Karl<\/p>\r\n<\/li>\r\n<li>\r\n<p>Ulli Maier<\/p>\r\n<\/li>\r\n<li>\r\n<p>Bernhard Schir<\/p>\r\n<\/li>\r\n<\/ul>\r\n<p><\/li> <li id=\"engine-tab-stabTab\" class=\"engine-tab\"><\/p>\r\n<ul class=\"cast\">\r\n<li>\r\n<p>Buch: Susanne Beck, Thomas Eifler<\/p>\r\n<\/li>\r\n<li>\r\n<p>Regie: Holger Barthel<\/p>\r\n<\/li>\r\n<li>\r\n<p>Produzent: Dieter Pochlatko<\/p>\r\n<\/li>\r\n<li>\r\n<p>Schnitt: Thomas Kn\u00f6pfel<\/p>\r\n<\/li>\r\n<li>\r\n<p>Produktionsleiter: Karin Schmatz<\/p>\r\n<\/li>\r\n<li>\r\n<p>Kamera: Peter Kappel<\/p>\r\n<\/li>\r\n<li>\r\n<p>Ton: Walter Fiklocki<\/p>\r\n<\/li>\r\n<li>\r\n<p>Kost\u00fcm: Martina List<\/p>\r\n<\/li>\r\n<li>\r\n<p>Ausstattung: Christine Egger<\/p>\r\n<\/li>\r\n<li>\r\n<p>Musik: Otto M. Schwarz<\/p>\r\n<\/li>\r\n<\/ul>\r\n<p><\/li><li id=\"engine-tab-weitere-infosTab\" class=\"engine-tab\"><\/p>\r\n<ul class=\"cast\">\r\n<li>Drehorte: Wien<\/li>\r\n<\/ul>\r\n<p><\/li><\/ul><\/p>\r\n<p><\/div><div class=\"six columns content-col sc\"><\/p>\r\n<h4>Szenenbilder<\/h4>\r\n<p>Keine<\/p>\r\n<p><\/div> <\/div>","protected":false},"excerpt":{"rendered":"<p>This content is only available in german. Jahr: 2014 | Produktionsfirma:\u00a0epo Film (ORF MDR) H\u00f6rbeispiel (Zusammenschnitt): Freigabe nach Erstausstrahlung am 4.6.2014 Handlung Die 17-j\u00e4hrige t\u00fcrkische Sch\u00fclerin Ilayda lebt mit ihrer sehr gut integrierten Familie in Wien. Sie selbst hat sich nach dem Tod ihres Vaters ganz auf ihre Religiosit\u00e4t besonnen und tr\u00e4gt wieder das Kopftuch. [&hellip;]<\/p>\n","protected":false},"author":2,"featured_media":0,"parent":2715,"menu_order":1,"comment_status":"closed","ping_status":"closed","template":"","meta":{"ngg_post_thumbnail":0,"footnotes":""},"class_list":["post-2658","page","type-page","status-publish","hentry"],"_links":{"self":[{"href":"https:\/\/www.ottomschwarz.com\/en\/wp-json\/wp\/v2\/pages\/2658","targetHints":{"allow":["GET"]}}],"collection":[{"href":"https:\/\/www.ottomschwarz.com\/en\/wp-json\/wp\/v2\/pages"}],"about":[{"href":"https:\/\/www.ottomschwarz.com\/en\/wp-json\/wp\/v2\/types\/page"}],"author":[{"embeddable":true,"href":"https:\/\/www.ottomschwarz.com\/en\/wp-json\/wp\/v2\/users\/2"}],"replies":[{"embeddable":true,"href":"https:\/\/www.ottomschwarz.com\/en\/wp-json\/wp\/v2\/comments?post=2658"}],"version-history":[{"count":1,"href":"https:\/\/www.ottomschwarz.com\/en\/wp-json\/wp\/v2\/pages\/2658\/revisions"}],"predecessor-version":[{"id":2671,"href":"https:\/\/www.ottomschwarz.com\/en\/wp-json\/wp\/v2\/pages\/2658\/revisions\/2671"}],"up":[{"embeddable":true,"href":"https:\/\/www.ottomschwarz.com\/en\/wp-json\/wp\/v2\/pages\/2715"}],"wp:attachment":[{"href":"https:\/\/www.ottomschwarz.com\/en\/wp-json\/wp\/v2\/media?parent=2658"}],"curies":[{"name":"wp","href":"https:\/\/api.w.org\/{rel}","templated":true}]}}

<p class="msg">This content is only available in german.</p>
<div class="top-box">
<p>Jahr: 2014 | Produktionsfirma: epo Film (ORF MDR)</p>
<p>Hörbeispiel (Zusammenschnitt): Freigabe nach Erstausstrahlung am 4.6.2014</p>
</div>
<h4>Handlung</h4>
<p>Die 17-jährige türkische Schülerin Ilayda lebt mit ihrer sehr gut integrierten Familie in Wien. Sie selbst hat sich nach dem Tod ihres Vaters ganz auf ihre Religiosität besonnen und trägt wieder das Kopftuch. Dadurch grenzt sie sich jedoch immer mehr aus ihrer Klasse aus. Sie ist eine leidenschaftliche Schwimmerin und geht dieser Passion heimlich nachts im Schulschwimmbad nach.</p>
<p>Als dies ihre engagierte Sportlehrerin bemerkt, versucht diese nun Ilayda über die Schulschwimm-Mannschaft, die an einem Wettbewerb teilnehmen soll, wieder in die Klassengemeinschaft zurückzuholen. Das Problem ist allerdings, dass sie für diesen Wettbewerb Kopftuch und Burkini ablegen und im normalen Badeanzug schwimmen müsste.</p>
<div class="row sc"> <div class="six columns content-col sc"></p>
<h4>Filmteam</h4>
<p><dl class="tabs mobile"><dd><a href="#engine-tab-besetzung">Besetzung</a></dd><dd><a href="#engine-tab-stab">Stab</a></dd><dd><a href="#engine-tab-weitere-infos">Weitere Infos</a></dd></dl><ul class="tabs-content contained sc"> <li id="engine-tab-besetzungTab" class="engine-tab"></p>
<ul class="cast">
<li>
<p>Emily Cox</p>
</li>
<li>
<p>Selen Savas</p>
</li>
<li>
<p>Aaron Karl</p>
</li>
<li>
<p>Ulli Maier</p>
</li>
<li>
<p>Bernhard Schir</p>
</li>
</ul>
<p></li> <li id="engine-tab-stabTab" class="engine-tab"></p>
<ul class="cast">
<li>
<p>Buch: Susanne Beck, Thomas Eifler</p>
</li>
<li>
<p>Regie: Holger Barthel</p>
</li>
<li>
<p>Produzent: Dieter Pochlatko</p>
</li>
<li>
<p>Schnitt: Thomas Knöpfel</p>
</li>
<li>
<p>Produktionsleiter: Karin Schmatz</p>
</li>
<li>
<p>Kamera: Peter Kappel</p>
</li>
<li>
<p>Ton: Walter Fiklocki</p>
</li>
<li>
<p>Kostüm: Martina List</p>
</li>
<li>
<p>Ausstattung: Christine Egger</p>
</li>
<li>
<p>Musik: Otto M. Schwarz</p>
</li>
</ul>
<p></li><li id="engine-tab-weitere-infosTab" class="engine-tab"></p>
<ul class="cast">
<li>Drehorte: Wien</li>
</ul>
<p></li></ul></p>
<p></div><div class="six columns content-col sc"></p>
<h4>Szenenbilder</h4>
<p>Keine</p>
<p></div> </div>

<p>This content is only available in german. Jahr: 2014 | Produktionsfirma: epo Film (ORF MDR) Hörbeispiel (Zusammenschnitt): Freigabe nach Erstausstrahlung am 4.6.2014 Handlung Die 17-jährige türkische Schülerin Ilayda lebt mit ihrer sehr gut integrierten Familie in Wien. Sie selbst hat sich nach dem Tod ihres Vaters ganz auf ihre Religiosität besonnen und trägt wieder das Kopftuch. [&hellip;]</p>
