{"id":2669,"date":"2014-03-25T17:34:14","date_gmt":"2014-03-25T15:34:14","guid":{"rendered":"http:\/\/www.ottomschwarz.com\/?page_id=2669"},"modified":"2014-03-25T17:34:14","modified_gmt":"2014-03-25T15:34:14","slug":"das-glueck-dieser-erde-8-durchkreuzte-plaene","status":"publish","type":"page","link":"https:\/\/www.ottomschwarz.com\/en\/filmmusic\/filmscores\/das-glueck-dieser-erde-8-durchkreuzte-plaene\/","title":{"rendered":"Das Gl\u00fcck dieser Erde 8 &#8211; Durchkreuzte Pl\u00e4ne"},"content":{"rendered":"<p class=\"msg\">This content is only available in german.<\/p>\r\n<div class=\"top-box\">\r\n<p>Jahr: 2011 | Produktionsfirma:\u00a0Satel Film ( ARD ORF )<\/p>\r\n<p>H\u00f6rbeispiel (Zusammenschnitt)<br \/> \t<audio id=\"wp_mep_1\" src=\"\/sounds\/filmmusik\/glueck_dieser_erde_08.mp3\"     controls=\"controls\" preload=\"none\"  >\r\n\t\t\r\n\t\t\r\n\t\t\r\n\t\t\r\n\t\t\r\n\t\t\r\n\t\t\r\n\t<\/audio>\r\n<script type=\"text\/javascript\">\r\njQuery(document).ready(function($) {\r\n\t$('#wp_mep_1').mediaelementplayer({\r\n\t\tm:1\r\n\t\t\r\n\t\t,features: ['playpause','current','progress','duration','volume','tracks','fullscreen']\r\n\t\t,audioWidth:400,audioHeight:30\r\n\t});\r\n});\r\n<\/script>\r\n<\/p>\r\n<a href=\"http:\/\/www.amazon.de\/dp\/B0057CXI1Y\" target=\"_blank\" style=\"background-color:#fff; color: #000\" class=\"button tiny radius sc\">DVD zum Film<\/a>\r\n<\/div>\r\n<h4>Handlung<\/h4>\r\n<p>Rahmenhandlung:\u00a0In der neuen ORF-Familienserie \u201eDas Gl\u00fcck dieser Erde\u201c ist Eva Herzig in der Hauptrolle als erfolgreiche Unternehmensberaterin Katharina Lenz zu sehen, die kurz vor der Hochzeit mit ihrem Traummann steht. Doch dann kommt alles anders. Nach einem Todesfall in der Familie wird Katharina zur Gest\u00fctsleiterin von Piber und damit zur Herrin \u00fcber Hunderte Lipizzaner.\n\t\t\n\t\t<!--BEGIN .toggle -->\n\t\t<div class=\"toggle closed sc\">\n\t\t\t<div class=\"trigger\">Weiterlesen\u2026<span><i class=\"icon-chevron-down\"><\/i><\/span><\/div>\n\t\t\t<div class=\"toggle-pane\"><div class=\"inner-pane\"><\/p>\r\n<p>Ein Millionenunternehmen mit Dutzenden Mitarbeitern in der Hand einer Frau \u2013 zum ersten Mal in der langen Geschichte des Gest\u00fcts. Kein leichtes Erbe f\u00fcr Katharina, denn als einzige Frau in einer traditionellen M\u00e4nnerwelt muss sie feststellen, dass niemand f\u00fcr eine Sache k\u00e4mpfen kann, ohne sich Feinde zu schaffen.<\/p>\r\n<p>Episode:\u00a0Wenn Katharina es nicht schafft, schnell in die schwarzen Zahlen zu kommen, steht nicht nur ihr Job, sondern das ganze Gest\u00fct auf dem Spiel. Als durch einen Zeitungsartikel das Ger\u00fccht umgeht, dass Katharina 30% der Belegschaft k\u00fcndigen will, herrscht dringender Handlungsbedarf. Dabei wollte Katharina so gerne ein paar Tage mit Michael verbringen. Aber dieser Plan w\u00e4re auch ohne Krise am Gest\u00fct ins Wasser gefallen, denn Lena erkrankt und Michaels Ex Petra zieht wieder bei ihm ein, um sich um die gemeinsame Tochter k\u00fcmmern zu k\u00f6nnen. Und als w\u00e4re das nicht genug, taucht der ehemalige Obergest\u00fctsmeister Josef Wagner wieder in Piber auf: Er wurde in allen Anklagepunkten freigesprochen.<\/div><\/div>\n\t\t<\/div> \n\t\t<!--END .toggle --><\/p>\r\n<div class=\"row sc\"> <div class=\"six columns content-col sc\"><\/p>\r\n<h4>Filmteam<\/h4>\r\n<p><dl class=\"tabs mobile\"><dd><a href=\"#engine-tab-besetzung\">Besetzung<\/a><\/dd><dd><a href=\"#engine-tab-stab\">Stab<\/a><\/dd><dd><a href=\"#engine-tab-weitere-infos\">Weitere Infos<\/a><\/dd><\/dl><ul class=\"tabs-content contained sc\"> <li id=\"engine-tab-besetzungTab\" class=\"engine-tab\"><\/p>\r\n<ul class=\"cast\">\r\n<li>\r\n<p>Eva Herzig: \u201eDr. Katharina Lenz\u201c<\/p>\r\n<\/li>\r\n<li>\r\n<p>Thomas Unger: \u201eDr. Michael Haas\u201c<\/p>\r\n<\/li>\r\n<li>\r\n<p>Christoph von Friedl: \u201eKarl Lenz\u201c<\/p>\r\n<\/li>\r\n<li>\r\n<p>Juergen Maurer: \u201eJosef Wagner\u201c<\/p>\r\n<\/li>\r\n<li>\r\n<p>Julia Cencig: \u201eBirgit Gross\u201c<\/p>\r\n<\/li>\r\n<li>\r\n<p>Cornelius Obonya: \u201eB\u00fcrgermeister Brunner\u201c<\/p>\r\n<\/li>\r\n<li>\r\n<p>Franz Buchrieser: \u201eBaron Peter von Gradenberg\u201c<\/p>\r\n<\/li>\r\n<\/ul>\r\n<p><\/li> <li id=\"engine-tab-stabTab\" class=\"engine-tab\"><\/p>\r\n<ul class=\"cast\">\r\n<li>\r\n<p>Drehb\u00fccher: Martin Ambrosch, Agnes Pluch<\/p>\r\n<\/li>\r\n<li>\r\n<p>Regie: Holger Barthel<\/p>\r\n<\/li>\r\n<li>\r\n<p>Regie Assitenz: Thomas Wolkerstorfer<\/p>\r\n<\/li>\r\n<li>\r\n<p>Kamera: Marc Prill<\/p>\r\n<\/li>\r\n<li>\r\n<p>Kamera Assitenz: Florian Fodenschweger<\/p>\r\n<\/li>\r\n<li>\r\n<p>Standfotografie: Petro Domenigg KEG<\/p>\r\n<\/li>\r\n<li>\r\n<p>Tonmeister: Dietmar Zuson<\/p>\r\n<\/li>\r\n<li>\r\n<p>Kost\u00fcm: Heike Werner<\/p>\r\n<\/li>\r\n<li>\r\n<p>Maske: Monika Puymann<\/p>\r\n<\/li>\r\n<li>\r\n<p>Musik: Otto M. Schwarz<\/p>\r\n<\/li>\r\n<\/ul>\r\n<p><\/li><li id=\"engine-tab-weitere-infosTab\" class=\"engine-tab\"><\/p>\r\n<ul class=\"cast\">\r\n<li>Drehorte: K\u00f6flach bis Wien<\/li>\r\n<\/ul>\r\n<p><\/li><\/ul><\/p>\r\n<p><\/div><div class=\"six columns content-col sc\"><\/p>\r\n<h4>Szenenbilder<\/h4>\r\n<p>Keine<\/p>\r\n<p><\/div> <\/div>","protected":false},"excerpt":{"rendered":"<p>This content is only available in german. Jahr: 2011 | Produktionsfirma:\u00a0Satel Film ( ARD ORF ) H\u00f6rbeispiel (Zusammenschnitt) Handlung Rahmenhandlung:\u00a0In der neuen ORF-Familienserie \u201eDas Gl\u00fcck dieser Erde\u201c ist Eva Herzig in der Hauptrolle als erfolgreiche Unternehmensberaterin Katharina Lenz zu sehen, die kurz vor der Hochzeit mit ihrem Traummann steht. Doch dann kommt alles anders. Nach [&hellip;]<\/p>\n","protected":false},"author":2,"featured_media":0,"parent":2715,"menu_order":13,"comment_status":"closed","ping_status":"closed","template":"","meta":{"ngg_post_thumbnail":0,"footnotes":""},"class_list":["post-2669","page","type-page","status-publish","hentry"],"_links":{"self":[{"href":"https:\/\/www.ottomschwarz.com\/en\/wp-json\/wp\/v2\/pages\/2669","targetHints":{"allow":["GET"]}}],"collection":[{"href":"https:\/\/www.ottomschwarz.com\/en\/wp-json\/wp\/v2\/pages"}],"about":[{"href":"https:\/\/www.ottomschwarz.com\/en\/wp-json\/wp\/v2\/types\/page"}],"author":[{"embeddable":true,"href":"https:\/\/www.ottomschwarz.com\/en\/wp-json\/wp\/v2\/users\/2"}],"replies":[{"embeddable":true,"href":"https:\/\/www.ottomschwarz.com\/en\/wp-json\/wp\/v2\/comments?post=2669"}],"version-history":[{"count":1,"href":"https:\/\/www.ottomschwarz.com\/en\/wp-json\/wp\/v2\/pages\/2669\/revisions"}],"predecessor-version":[{"id":2684,"href":"https:\/\/www.ottomschwarz.com\/en\/wp-json\/wp\/v2\/pages\/2669\/revisions\/2684"}],"up":[{"embeddable":true,"href":"https:\/\/www.ottomschwarz.com\/en\/wp-json\/wp\/v2\/pages\/2715"}],"wp:attachment":[{"href":"https:\/\/www.ottomschwarz.com\/en\/wp-json\/wp\/v2\/media?parent=2669"}],"curies":[{"name":"wp","href":"https:\/\/api.w.org\/{rel}","templated":true}]}}

Das Glück dieser Erde 8 &#8211; Durchkreuzte Pläne

<p class="msg">This content is only available in german.</p>
<div class="top-box">
<p>Jahr: 2011 | Produktionsfirma: Satel Film ( ARD ORF )</p>
<p>Hörbeispiel (Zusammenschnitt)<br /> 	<audio id="wp_mep_1" src="/sounds/filmmusik/glueck_dieser_erde_08.mp3"     controls="controls" preload="none"  >
		
		
		
		
		
		
		
	</audio>
<script type="text/javascript">
jQuery(document).ready(function($) {
	$('#wp_mep_1').mediaelementplayer({
		m:1
		
		,features: ['playpause','current','progress','duration','volume','tracks','fullscreen']
		,audioWidth:400,audioHeight:30
	});
});
</script>
</p>
<a href="http://www.amazon.de/dp/B0057CXI1Y" target="_blank" style="background-color:#fff; color: #000" class="button tiny radius sc">DVD zum Film</a>
</div>
<h4>Handlung</h4>
<p>Rahmenhandlung: In der neuen ORF-Familienserie „Das Glück dieser Erde“ ist Eva Herzig in der Hauptrolle als erfolgreiche Unternehmensberaterin Katharina Lenz zu sehen, die kurz vor der Hochzeit mit ihrem Traummann steht. Doch dann kommt alles anders. Nach einem Todesfall in der Familie wird Katharina zur Gestütsleiterin von Piber und damit zur Herrin über Hunderte Lipizzaner.
		
		<!--BEGIN .toggle -->
		<div class="toggle closed sc">
			<div class="trigger">Weiterlesen…<span><i class="icon-chevron-down"></i></span></div>
			<div class="toggle-pane"><div class="inner-pane"></p>
<p>Ein Millionenunternehmen mit Dutzenden Mitarbeitern in der Hand einer Frau – zum ersten Mal in der langen Geschichte des Gestüts. Kein leichtes Erbe für Katharina, denn als einzige Frau in einer traditionellen Männerwelt muss sie feststellen, dass niemand für eine Sache kämpfen kann, ohne sich Feinde zu schaffen.</p>
<p>Episode: Wenn Katharina es nicht schafft, schnell in die schwarzen Zahlen zu kommen, steht nicht nur ihr Job, sondern das ganze Gestüt auf dem Spiel. Als durch einen Zeitungsartikel das Gerücht umgeht, dass Katharina 30% der Belegschaft kündigen will, herrscht dringender Handlungsbedarf. Dabei wollte Katharina so gerne ein paar Tage mit Michael verbringen. Aber dieser Plan wäre auch ohne Krise am Gestüt ins Wasser gefallen, denn Lena erkrankt und Michaels Ex Petra zieht wieder bei ihm ein, um sich um die gemeinsame Tochter kümmern zu können. Und als wäre das nicht genug, taucht der ehemalige Obergestütsmeister Josef Wagner wieder in Piber auf: Er wurde in allen Anklagepunkten freigesprochen.</div></div>
		</div> 
		<!--END .toggle --></p>
<div class="row sc"> <div class="six columns content-col sc"></p>
<h4>Filmteam</h4>
<p><dl class="tabs mobile"><dd><a href="#engine-tab-besetzung">Besetzung</a></dd><dd><a href="#engine-tab-stab">Stab</a></dd><dd><a href="#engine-tab-weitere-infos">Weitere Infos</a></dd></dl><ul class="tabs-content contained sc"> <li id="engine-tab-besetzungTab" class="engine-tab"></p>
<ul class="cast">
<li>
<p>Eva Herzig: „Dr. Katharina Lenz“</p>
</li>
<li>
<p>Thomas Unger: „Dr. Michael Haas“</p>
</li>
<li>
<p>Christoph von Friedl: „Karl Lenz“</p>
</li>
<li>
<p>Juergen Maurer: „Josef Wagner“</p>
</li>
<li>
<p>Julia Cencig: „Birgit Gross“</p>
</li>
<li>
<p>Cornelius Obonya: „Bürgermeister Brunner“</p>
</li>
<li>
<p>Franz Buchrieser: „Baron Peter von Gradenberg“</p>
</li>
</ul>
<p></li> <li id="engine-tab-stabTab" class="engine-tab"></p>
<ul class="cast">
<li>
<p>Drehbücher: Martin Ambrosch, Agnes Pluch</p>
</li>
<li>
<p>Regie: Holger Barthel</p>
</li>
<li>
<p>Regie Assitenz: Thomas Wolkerstorfer</p>
</li>
<li>
<p>Kamera: Marc Prill</p>
</li>
<li>
<p>Kamera Assitenz: Florian Fodenschweger</p>
</li>
<li>
<p>Standfotografie: Petro Domenigg KEG</p>
</li>
<li>
<p>Tonmeister: Dietmar Zuson</p>
</li>
<li>
<p>Kostüm: Heike Werner</p>
</li>
<li>
<p>Maske: Monika Puymann</p>
</li>
<li>
<p>Musik: Otto M. Schwarz</p>
</li>
</ul>
<p></li><li id="engine-tab-weitere-infosTab" class="engine-tab"></p>
<ul class="cast">
<li>Drehorte: Köflach bis Wien</li>
</ul>
<p></li></ul></p>
<p></div><div class="six columns content-col sc"></p>
<h4>Szenenbilder</h4>
<p>Keine</p>
<p></div> </div>

<p>This content is only available in german. Jahr: 2011 | Produktionsfirma: Satel Film ( ARD ORF ) Hörbeispiel (Zusammenschnitt) Handlung Rahmenhandlung: In der neuen ORF-Familienserie „Das Glück dieser Erde“ ist Eva Herzig in der Hauptrolle als erfolgreiche Unternehmensberaterin Katharina Lenz zu sehen, die kurz vor der Hochzeit mit ihrem Traummann steht. Doch dann kommt alles anders. Nach [&hellip;]</p>
